. Suppose -z*t + 3*p = -819, 5*p - 4*p = -3*t + 803. List the prime factors of t.
269
Let f(p) = -23*p - 8. Let x(d) = 1. Let n(h) = -f(h) + 3*x(h). Let r be n(-6). What are the prime factors of r/(-2) + -1*8/16?
3, 7
Let n(c) = -8*c**2 + 19*c - 1. Let f be n(2). Suppose 0 = 4*v - 7*v - 2*g + 491, 0 = 5*g - f. List the prime factors of v.
163
Suppose 4*u + 8 = 5*t, -t + 4*u - 7*u = 6. Suppose 0 = 2*y - 3*n - 1526, -y + t*n + 753 = n. List the prime factors of y.
757
Let m be 1/2*(15 + 15). Let b = -18 + m. What are the prime factors of 0 - 1*b*23?
3, 23
Let v(s) = -47*s - 28. Let n(k) = -140*k - 87. Let t(j) = -4*n(j) + 11*v(j). What are the prime factors of t(3)?
13
Let n(a) = a**3 - a**2 - 3*a. Suppose -3*j - 3*v = -12, 3*j - 16 = 2*v - 4. Suppose -2*l = j*r - 3*r - 9, 0 = 4*l + 3*r - 21. List the prime factors of n(l).
3
Let b(k) = k**3 - k**2 + k + 2. Let n(j) = -2*j - 3. Let t(r) = -3*b(r) - 2*n(r). Let u be t(-3). Let f = -58 + u. List the prime factors of f.
47
Let z(g) = 412*g - 380. List the prime factors of z(17).
2, 3, 23
Let h(f) = f**3 + 5*f**2 + 5*f - 3. Let i be h(-5). Let u(x) = -53*x + 4. Let s be u(3). Let d = i - s. What are the prime factors of d?
127
Let c = -15468 + 29518. List the prime factors of c.
2, 5, 281
Let s = -13 - -33. Suppose 7*w - 8 = s. Suppose -132 + 12 = -w*y. List the prime factors of y.
2, 3, 5
Suppose g - 19 = -12. Let y(h) = -7 + 2*h**2 - 4 + h**3 - 5*h**2 + 4 - 17*h. What are the prime factors of y(g)?
2, 5, 7
Let r(c) = -4*c - 61. Let f be r(-26). Let t = 45 - f. Suppose -t*a + 151 = 29. List the prime factors of a.
61
List the prime factors of (-360)/72 + ((-1)/(-1))/(2/15034).
2, 3, 313
Let b = -849 - -2012. List the prime factors of b.
1163
Suppose 4*i + 177918 = 3*x + 25627, x - 50721 = -4*i. What are the prime factors of x?
50753
Let j = 36527 + -17598. List the prime factors of j.
23, 823
Suppose 423*h - 10651334 - 8473342 = 0. What are the prime factors of h?
2, 89, 127
Let x(m) = 16*m - 6. Let q be x(0). Let g = 4 + -4. List the prime factors of (16/3 - g)/((-4)/q).
2
Suppose -18 = 2*z - 58. Suppose m + 0*y = -y, 0 = -5*y - z. Suppose -4*k = -5*d - 678 + 123, -d = m*k - 561. What are the prime factors of k?
2, 5, 7
Let s = 13913 - 1330. What are the prime factors of s?
12583
What are the prime factors of (-8)/(-24) + 221986/51?
3, 1451
Suppose s - 1 = -5*j + 43, 66 = 4*s - 2*j. List the prime factors of 2/s + (-55248)/(-38).
2, 727
Suppose 16*g - 2715 = 2005. Let j = g - -997. List the prime factors of j.
2, 17, 19
Suppose 3*k - 5*w + 3*w - 51 = 0, 5*k - 90 = 5*w. List the prime factors of -1 - (k + -14)/((-1)/625).
2, 3, 13
Let k(f) = -2*f**2 - 3*f - 4. Let n be (8/4 + 2)/(1/(-2)). Let b be k(n). Let d = 263 + b. What are the prime factors of d?
5, 31
Let u be (-4)/(96/200) + 1/3. What are the prime factors of 271 - -4 - (5 + u)*1?
2, 139
Let n = -4504 + 10492. List the prime factors of n.
2, 3, 499
Suppose -3*k - 2*r - 9 = 0, 11 + 1 = 4*r. Let x(t) = 2*t + 13. Let g be x(k). Suppose 2*c = g*o + 8 - 39, 4*o + 3*c - 13 = 0. List the prime factors of o.
7
Suppose 49*r - 231110 = 27*r. Suppose 9*k + 425 = r. List the prime factors of k.
2, 5, 7
Let s = 102171 - 31003. List the prime factors of s.
2, 139
Let t(c) = 3*c**3 + 2*c**2 + 22*c - 25. Suppose 0 = 19*g + 30 - 125. What are the prime factors of t(g)?
2, 3, 5, 17
Let a(k) = 2 - 20*k - 8*k - 298*k**2 + 0*k + 525*k**2. List the prime factors of a(2).
2, 7, 61
Suppose -45317 = -11*k - 15353. List the prime factors of k.
2, 3, 227
Suppose -4*i + 62840 = 4*y, -5*y + 10726 = 2*i - 67827. List the prime factors of y.
3, 5237
Suppose -9*l = 19*l - 84. Suppose -3*t + 1496 = 2*w, -l*w + 2485 = 5*t - 8*w. What are the prime factors of t?
2, 3, 83
Let j(q) = 50*q**3 + 14*q - 13. Let d = -795 + 798. What are the prime factors of j(d)?
7, 197
Suppose -8*o + 98971 = 29*o - 18*o. List the prime factors of o.
5209
Let m = 83552 + -54713. List the prime factors of m.
3, 9613
Suppose -89*t + 46352 = -97*t. What are the prime factors of t/(-6) - -3*(-11)/(-99)?
2, 3, 7, 23
Let z = 11785 + -7029. Suppose 31562 = 26*x + z. What are the prime factors of x?
1031
Let g = 62649 + -3186. List the prime factors of g.
3, 6607
Suppose 5 = f, 5*l - f - 8617 = 30723. List the prime factors of l.
3, 43, 61
Let l = 238 + -232. Suppose 0 = l*m - 13*m + 3780. What are the prime factors of m?
2, 3, 5
Let i be (1 - 3) + 39/(-1). Let a = i - -122. Suppose -3*z - 3*h = -a, 4*z - 5*h - 42 = 84. What are the prime factors of z?
29
Suppose 26336 = 4*q - 2*i - 51230, 2*q + 6*i = 38818. List the prime factors of q.
2, 9697
Let n(l) = 15*l**2 - 4*l - 4. Let c be n(10). Suppose -c = -12*a + 8*a. Suppose 28 - a = -4*b. List the prime factors of b.
2, 3, 7
Let o = 37597 - 18503. List the prime factors of o.
2, 9547
Suppose 5*s - 161 = -26. Let i = 286 + s. List the prime factors of i.
313
Let u = -228 - -327. Suppose 15*j = 22*j - 14. Suppose u = j*z - 43. What are the prime factors of z?
71
Let n(l) = -l**3 - 53*l**2 + 53*l + 17. List the prime factors of n(-55).
2, 197
Let p(v) = -18*v**3 - 7*v**2 - 10*v - 25. List the prime factors of p(-6).
3671
What are the prime factors of (-56211)/(1 + -4) + (29 - 26)?
2, 5, 937
Let p = -41 + 44. Suppose 3*c - 2*c + 7 = 5*h, p*c - 19 = -5*h. Suppose h*d = -a + 259, 2*a = 7*d - 3*d - 506. List the prime factors of d.
2
Let y(x) be the first derivative of x**4/4 - 28*x**3/3 - 21*x**2/2 + 87*x - 31. List the prime factors of y(29).
11, 29
Let v be 97/9 - (88/(-72) + 1). Suppose 0 = v*s - 10897 - 8529. What are the prime factors of s?
2, 883
Let y be 0*(-4 - (-14)/4). Suppose -u = -q - 5, -u + y*q + 21 = -5*q. What are the prime factors of (-4)/12 + u - (-56)/6?
2, 5
Let q(i) = -2*i**3 - 11*i**2 + 5*i + 3. Let v be q(-6). Let a(y) = -v*y - 5 + 8 - 2 + 8. List the prime factors of a(-2).
3
Suppose 5*n + 3*w - 16 = 0, -4*w + 8 = -0*n + 4*n. Let j be (4/15 + 48/120)*6. Suppose -n*x + 245 = 5*s, -j*x + 245 = 5*s - x. What are the prime factors of s?
7
Suppose -2236 = -5*t + 3*n + n, 4*t + n = 1772. Let l = t + 14. What are the prime factors of l?
2, 229
Suppose 0 = d + 2*b - 40886, 3*d + 45555 = -3*b + 168195. What are the prime factors of d?
2, 107, 191
Suppose 0 = 5*o - 2*o - o. Suppose -4*m + 2*m - 78 = 2*q, -q + 2*m - 48 = o. Let h = q + 142. What are the prime factors of h?
2, 5
Let i(m) = 15*m**2 - 186*m. Let a be i(13). Let g = -23 + a. What are the prime factors of g?
2, 47
Let s be (-3)/(-4) - (-225)/100. Suppose 3179 = 4*t - 3*c, -5*t - 4*c + s*c = -3969. List the prime factors of t.
2, 397
Suppose -4*z = 3*z - 931. Suppose -5*s = -1172 - z. Suppose -3*v + 0*v = -s. What are the prime factors of v?
3, 29
Let y = -6597 - -2791. Let c = 5619 + y. List the prime factors of c.
7, 37
Let n(w) be the third derivative of w**4/24 - 5*w**3/3 - 17*w**2. Let x be n(15). Suppose x*f + 113 = s + 31, 178 = 2*s + 4*f. List the prime factors of s.
3, 29
Suppose 5*p = 80 + 20. Suppose 0*r + 4*r = p. Suppose -5*v + 0*v + 191 = 2*a, 0 = -5*v + r*a + 205. List the prime factors of v.
3, 13
Suppose k - 1 = 2*k. Suppose -3*z = -0*z + u + 98, -4*z - 130 = 2*u. What are the prime factors of (-2)/(z/30 - k)?
2, 5
Let v(b) = -2 + 7 + 44*b - 4. List the prime factors of v(5).
13, 17
Suppose -23 = 4*y - 5*n, 14*y - 13*y + 5*n = -12. Let p(g) be the first derivative of -2*g**2 - 21*g - 1. What are the prime factors of p(y)?
7
Suppose 4*v + 5 = -v. Let h = v - -1. Suppose -5*s - j - j + 64 = 0, 3*s - 2*j - 48 = h. List the prime factors of s.
2, 7
Let d(r) be the first derivative of -36*r - 31 - 3/2*r**2 - 17/3*r**3 - 1/4*r**4. What are the prime factors of d(-17)?
3, 5
Let b(p) = -27*p**3 - 17*p**2 - 12*p - 68. What are the prime factors of b(-9)?
2, 9173
Let t(j) = -10*j - 3. Let o(u) = -u**3 - 9*u**2 - 17*u - 2. Let d be o(-6). Let y be t(d). List the prime factors of -2*1 + (-4 + y - 3).
2, 17
Suppose 4*o - 10796 = -4*v, 3*o + 0*o + v - 8099 = 0. Suppose -13*z = -z - o. What are the prime factors of z?
3, 5
Let d(o) = 2*o**3 - 10*o**2 + 7*o - 3. Let l be d(5). Suppose l = 2*f + 6*f. Suppose -4*w = -4*z + 72, f*z + 2*w = -17 + 101. List the prime factors of z.
2, 5
Let c(r) = -5*r**2 - 71*r - 6. Let n be c(-12). Let w(x) = -2*x**3 - 3*x**2 + 3*x + 4. Let a be w(-3). 